 Calculate t(f).
0
Suppose 6*c = 3*c + 6. Let x be 11/4 + 10/40. Let i(a) = -2*a**2 + 4*a**2 - a**x + 2*a - 2 + a - a**2. Give i(c).
0
Let u(q) be the first derivative of 3*q**4/2 + 2*q**3/3 - q + 5. Give u(1).
7
Let j(o) be the third derivative of 3*o**2 - 1/6*o**3 + 0 - 7/24*o**4 + 0*o. Determine j(1).
-8
Suppose s - 1 = -5, -4*s - 20 = 4*z. Let o(k) = k. What is o(z)?
-1
Let g be (4/((-12)/(-21)))/1. Suppose -5*z + g = -8. Let p(m) = -m + m**z + 7*m**2 - m**2 - 3*m**2 - 3. What is p(-3)?
0
Let f(h) = h + 5. Suppose t = 2*t. Suppose -2*j + 4*q - 22 = 0, t*j - 22 = 5*j + q. What is f(j)?
0
Let y(f) = -f - 4. Let o(t) = -t**2 - 7*t - 3. Let z = -4 + -2. Let j be o(z). Let b(k) = -k + 1. Let p be b(j). Calculate y(p).
-2
Let s(g) = 0*g**3 + 7*g**2 + 0 + 2*g**3 - 3 + 5*g - g**3. Give s(-6).
3
Let t = 16 + -13. Let p(f) = -f. Let c(x) = -x**2 - 3*x - 3. Let o(n) = c(n) - 3*p(n). Calculate o(t).
-12
Let s(i) = i + 3. Let x(r) = r + 3. Suppose -18 = -3*n + j, -6 = -3*n - 2*j + 3. Let b(d) = n*s(d) - 4*x(d). Let k = 0 + 5. Give b(k).
8
Let z(k) = -k**2 - 14*k - 5. Let y be z(-12). Let n(s) = -20*s**2 + s - 3*s**3 + 1 + y*s**2 + s**3. What is n(-1)?
1
Let w(x) = 7*x - 3*x - 5*x + 3 - 5. Determine w(3).
-5
Suppose j + 0*j = 6. Let a(d) = -d + 1. What is a(j)?
-5
Let b(q) = -q**3 - 6*q**2 + 7*q. Suppose -21 = 3*w + 5*y, 0*y + 4*y = -5*w - 35. Let a be b(w). Let k(s) = 2*s - s**3 + s + s**2 + a*s**2 + 2. Determine k(-2).
8
Let s(r) = -4*r**2 - 1. Suppose 3*l - 14 - 4 = 0. Let y be (-40)/(-12) - (-4)/l. Suppose m - y + 5 = 0. Calculate s(m).
-5
Let b(c) be the second derivative of -1/12*c**4 + 0 - 1/6*c**3 + 1/20*c**5 + 0*c**2 + c. Suppose x + 2*x - 5*n = 21, -4*x - 7 = 5*n. Give b(x).
2
Let j(m) = 1 + m + 3*m - 6*m - m**2 + 2*m**2. Calculate j(5).
16
Let t(q) = -2*q - 2. Let i = -10 - -1. Let f be i/3 + -1 + 1. Calculate t(f).
4
Let h(s) = -13*s**3 + 33*s**2 - 12*s - 21. Let p(q) = -3*q**3 + 8*q**2 - 3*q - 5. Let i(k) = 2*h(k) - 9*p(k). What is i(3)?
-15
Let o be 2/4 + 10/(-4). Let y be -1*(o/2 + -1). Let b(m) = -4 + 4*m**y + 1 + m**2 + m**3. Determine b(-5).
-3
Let r(f) = -2*f + 2*f + 2 - f**2 - f + 7*f. Determine r(7).
-5
Let q(a) = -a**2 + 1. Let n(o) = o**3 - 3*o. Let i(l) = n(l) + 3*q(l). Suppose -1 + 4 = u. Suppose -u*r - 7 = 2*m - 0*r, 5*m - 2*r = 30. Determine i(m).
7
Suppose -7 - 3 = h + 2*y, -y - 2 = 0. Let u(p) = -4*p**2 + 6*p - 9. Let b(l) = -3*l**2 + 6*l - 8. Let a(f) = -5*b(f) + 4*u(f). Determine a(h).
4
Let r(j) be the second derivative of -j**4/12 - 2*j**3/3 - 3*j. Determine r(-3).
3
Suppose 3*r = -x - 11, x - 5*r - 19 = -2*r. Let k be 54/x*6/9. Let w be 5*k/15*1. Let t(u) = -u - 1. What is t(w)?
-4
Let q(g) be the second derivative of -1/2*g**2 + 1/6*g**3 + 2*g + 0. Calculate q(3).
2
Suppose 0 = -3*d - 9, 0 = -b - 4*d - 12 + 2. Let x(j) = 65 + 9*j - 59 - j**b - 2*j. Determine x(8).
-2
Suppose 4*b - 21 = -1. Let m(w) = w**2 - 11*w + 11. Let s(x) = -2*x**2 + 21*x - 21. Let a(z) = 7*m(z) + 4*s(z). Give a(b).
3
Suppose 3*o - 28 = 4*k, 4*k - 4*o + 12 = -5*o. Let x be ((-6)/k)/(2/4). Let n(q) = -1 - q**3 + 0*q + 3 + 4*q**2 - 2*q. Give n(x).
5
Let y(l) = -l**2 - 1. Let z(t) = 1. Let i(q) = 3*y(q) + 2*z(q). Determine i(1).
-4
Let g(l) = -l**3 - 5*l**2 - 6*l - 8. Let x be g(-4). Let n(q) = q - 2. What is n(x)?
-2
Let s(i) = 2*i**2 - 2*i - 3. Let c(q) = 5*q**2 - 5*q - 7. Let r(l) = -3*c(l) + 7*s(l). What is r(3)?
-6
Suppose 4*a + 82 = 3*g + 2, 0 = 5*g + 2*a - 116. Suppose -3*o - w - w + 7 = 0, -o - 5*w + g = 0. Let q(f) = -9*f. What is q(o)?
9
Suppose -3*l + 3 = 3*q - 9, 4*l - 3*q = -19. Let p(c) = -10*c - 1. Let v(g) = -19*g - 2. Let f(u) = 11*p(u) - 6*v(u). Give f(l).
-3
Let i = -13 - -17. Let a(d) = -2*d - 1. What is a(i)?
-9
Let i = 86 + -83. Let r(y) be the second derivative of 3*y + 1/2*y**i - y**2 + 0. Determine r(-2).
-8
Let v(w) be the first derivative of -w**3/3 + w**2 + w - 5. Give v(3).
-2
Suppose z + z = 4*f + 2, -4*z + 5*f - 2 = 0. Let j(q) be the second derivative of -q**4/12 - 2*q**3/3 - 2*q**2 + q. Calculate j(z).
-1
Let i = 0 + 0. Suppose b + 3 - 2 = i. Let a(l) = 7*l**3 - l**2 + l + 1. Calculate a(b).
-8
Let w be ((-8)/6)/((-18)/27). Let b(h) = h**2 - 2*h. Calculate b(w).
0
Let x(y) = y**2 - 24 + 4*y + 25 - 4*y. Let b = -3 - -1. Give x(b).
5
Suppose -3 = 3*f - 0. Let h = f + 5. Let w(i) = i**3 - 3*i**2 - 4*i. Calculate w(h).
0
Let p(w) = 3*w**2 - w + 1. Suppose 0 = -7*n + n + 6. What is p(n)?
3
Let t(h) = h**2 + 6*h + 1. Suppose -2*j - 3*s - 6 = 0, 3*j = -3*s + 6*s - 24. What is t(j)?
1
Let s(q) = -q**3 + 2*q**2 + 2*q. Let v(k) = 6*k - 76. Let o be v(13). Calculate s(o).
4
Let x(v) = 3*v + 1. Let p(d) = -6*d - 2. Let l(c) = -3*p(c) - 5*x(c). Calculate l(-6).
-17
Let v(s) = -s**2 + 11*s - 2. Let u be ((-22)/30 - (-6)/15)*-30. Calculate v(u).
8
Let m(s) = -s + 3. Let z(p) = -2*p - 11. Let r be z(-9). Let c = r + -4. Determine m(c).
0
Let o(a) = -3 + 2*a**2 + 312*a + 4 - 319*a. Give o(5).
16
Let z = -24 + 29. Let q(n) = -n**2 + 4*n - 4. Give q(z).
-9
Let t(h) = -2*h**3 + 3*h**2 + 4*h - 1. Let f = -7 - -10. Give t(f).
-16
Let f be 3*1/6*8. Suppose 3*o = 4*m - o - 32, -f*m = 2*o - 8. Let w(q) = -q**2 + m + 3 - 3*q - 8. Determine w(-4).
-5
Let o(b) = -b + b**2 - 3*b + 5*b + 4. Determine o(-3).
10
Let d(t) = -t**3 - t**2 - t - 1. Let b(c) = 12*c**3 + 18*c**2 + 15*c + 15. Let s(k) = b(k) + 15*d(k). Give s(2).
-12
Let t(j) = 2*j**2 + 5*j + 2. Let a = -22 + 19. Determine t(a).
5
Suppose 12 = -h + 5*h. Let p(d) = -3 + 0*d - 2*d - d + h*d**2. Let u(c) = 3*c**2 - 2*c - 2. Let a(b) = 3*p(b) - 4*u(b). Determine a(-1).
-3
Let g(d) = -9*d - d + 7*d + 6*d. Calculate g(-4).
-12
Suppose -3*q + 9 - 25 = 5*j, 2*j = -4*q + 2. Let y(f) = -f**2 - 7*f - 4. Give y(j).
6
Let z(y) = 2*y - 3. Let i(w) = w**3 - 19*w**2 + 18*w + 3. Let g be i(18). Calculate z(g).
3
Suppose 5*j = 4*j + 6. Suppose -j = 3*d + 9. Let l(f) = 3 - 7 + f - 2*f. Calculate l(d).
1
Suppose 4*p = 3*p + 2. Let b(s) = -2*s + 6*s**p + 3*s + 7 - 3*s**2 - 2*s**2. Let r(t) = t**3 - 11*t**2 + 10*t. Let z be r(10). Give b(z).
7
Let m(s) = 2*s. Let j(x) = -2*x - 23. Let w be j(-12). Determine m(w).
2
Let s(p) = -4 + 2*p + 3 - 6*p + 3*p - 2*p**2. Let h(q) = q**3 + 5*q**2 + 3*q - 5. Let g be h(-4). Give s(g).
-2
Let u = 66 + -66. Let p(h) = -h + 4. Let d(f) = 1. Let j(s) = -3*d(s) + p(s). Determine j(u).
1
Suppose 2*h = h + 3*b + 21, -h + b = -11. Let l(u) = -4*u - u - h + 0*u - 2*u - u**2. What is l(-4)?
6
Let r(x) be the first derivative of x**3/3 - 5*x**2/2 + 4*x - 37. Give r(5).
4
Let i(l) = 2 - 2*l + 0*l - 2*l**2 + l**2. Let d(q) be the first derivative of -q**4/2 - q**3/3 + q - 1. Let r be d(-1). Calculate i(r).
-6
Let p(h) = -3*h - 8. Let n(i) = 5*i + 15. Let d(t) = 4*n(t) + 7*p(t). Give d(5).
-1
Let f(r) = 8*r - 3 - 5*r - 4*r. What is f(-4)?
1
Let c(a) = a**3 + a**2 - 2. Let p = -19 - -19. Calculate c(p).
-2
Suppose 48 = -15*o + 3*o. Let i(j) = 2*j**3 - j**3 - 4 - 5*j + 3*j**2 + 0*j. Determine i(o).
0
Let a be (-145)/(-20) - (-3)/4. Suppose -f + 5*f - a = 0. Let h(o) = -o**3 + o**2 + o - 1. Give h(f).
-3
Suppose -10 - 8 = -3*x. Let l(j) = 3 + 0 + j**3 + 5*j**2 + 1 + x*j. Let q(a) = -5*a + 1. Let f be q(1). What is l(f)?
-4
Suppose -r + 0*r - 10 = 0. Let s be (-12)/20 - (-24)/r. Let x(u) = u**2 - 2*u - 4. Calculate x(s).
11
Let d(i) be the third derivative of -i**8/6720 + i**7/504 - i**6/120 + i**5/60 + i**4/24 - i**2. Let u(p) be the second derivative of d(p). Determine u(4).
-6
Let z be -1*(-84)/(-16) + 1/4. Let w(h) = -5*h - 4. Calculate w(z).
21
Let s(t) = -17*t**3 + t**2 - 4*t. Let y(h) = h**3 + h**2 - h. Let z(r) = s(r) - 3*y(r). Determine z(-1).
19
Let l(m) = 2*m - 6. Let q = 0 + -5. Let n(v) = -2*v + 7. Let y(p) = q*l(p) - 4*n(p). What is y(-4)?
10
Let w be 1/(-2)*1*2. Let u(m) be the second derivative of -m**6/60 - m**5/30 - m**4/24 + m**2/2 + 5*m. Let v(l) be the first derivative of u(l). What is v(w)?
1
Let p(n) = -2 + 2 - 1 + 0*n**2 + n**2 - 2*n. Calculate p(4).
7
Let n(h) be the third derivative of h**5/60 + h**4/6 - h**3/2 + 5*h**2. Give n(-5).
2
Let q(r) = 2*r**2 + 3 - r**2 - 1 + 2*r. Suppose 0 = -y + 5*y + 12. Give q(y).
5
Let g(d) = 2*d**2 + 4*d. Suppose 0 = -4*s + 5*c + 4, 3*s - 2*c - 4 = 2*s. What is g(s)?
16
Suppose 5*r + 0*r = 0. Let d(f) = -f**3 - f**2 + f + 2. Let